CRAN Package Check Results for Package AWAPer

Last updated on 2020-08-11 03:47:41 CEST.

Flavor Version Tinstall Tcheck Ttotal Status Flags
r-devel-linux-x86_64-debian-clang 0.1.3 3.85 26.83 30.68 OK
r-devel-linux-x86_64-debian-gcc 0.1.3 2.86 20.72 23.58 OK
r-devel-linux-x86_64-fedora-clang 0.1.3 45.28 NOTE
r-devel-linux-x86_64-fedora-gcc 0.1.3 35.14 NOTE
r-devel-windows-ix86+x86_64 0.1.3 8.00 52.00 60.00 OK
r-patched-linux-x86_64 0.1.3 3.67 26.49 30.16 OK
r-patched-solaris-x86 0.1.3 51.50 NOTE
r-release-linux-x86_64 0.1.3 3.54 26.46 30.00 OK
r-release-macos-x86_64 0.1.3 NOTE
r-release-windows-ix86+x86_64 0.1.3 10.00 55.00 65.00 OK
r-oldrel-macos-x86_64 0.1.3 NOTE
r-oldrel-windows-ix86+x86_64 0.1.3 5.00 33.00 38.00 OK

Check Details

Version: 0.1.3
Check: dependencies in R code
Result: NOTE
    Namespace in Imports field not imported from: ‘R.utils’
     All declared Imports should be used.
Flavors: r-devel-linux-x86_64-fedora-clang, r-devel-linux-x86_64-fedora-gcc, r-patched-solaris-x86, r-release-macos-x86_64, r-oldrel-macos-x86_64