Last updated on 2023-12-07 16:49:24 CET.
Flavor | Version | Tinstall | Tcheck | Ttotal | Status | Flags |
---|---|---|---|---|---|---|
r-devel-linux-x86_64-debian-clang | 0.5.2 | 17.61 | 144.94 | 162.55 | NOTE | |
r-devel-linux-x86_64-debian-gcc | 0.5.2 | 13.14 | 116.21 | 129.35 | NOTE | |
r-devel-linux-x86_64-fedora-clang | 0.5.2 | 216.84 | OK | |||
r-devel-linux-x86_64-fedora-gcc | 0.5.2 | 208.87 | OK | |||
r-devel-windows-x86_64 | 0.5.2 | 15.00 | 121.00 | 136.00 | OK | |
r-patched-linux-x86_64 | 0.5.2 | 21.19 | 128.99 | 150.18 | OK | |
r-release-linux-x86_64 | 0.5.2 | 11.10 | 152.64 | 163.74 | OK | |
r-release-macos-arm64 | 0.5.2 | 63.00 | OK | |||
r-release-macos-x86_64 | 0.5.2 | 105.00 | OK | |||
r-release-windows-x86_64 | 0.5.2 | 21.00 | 154.00 | 175.00 | OK | |
r-oldrel-macos-arm64 | 0.5.2 | 49.00 | OK | |||
r-oldrel-macos-x86_64 | 0.5.2 | 82.00 | OK | |||
r-oldrel-windows-x86_64 | 0.5.2 | 20.00 | 152.00 | 172.00 | OK |
Version: 0.5.2
Check: Rd files
Result: NOTE
checkRd: (-1) isolate.signal.Rd:79-81: Lost braces in \itemize; meant \describe ?
checkRd: (-1) isolate.signal.Rd:82-86: Lost braces in \itemize; meant \describe ?
checkRd: (-1) isolate.signal.Rd:87-94: Lost braces in \itemize; meant \describe ?
Flavors: r-devel-linux-x86_64-debian-clang, r-devel-linux-x86_64-debian-gcc